. What is the tens digit of r?
5
What is the units digit of 1959 + 0 + 20 + 28 + -51?
6
Suppose 0 = 112*b - 109*b - 6. Suppose b*y - 162 = -5*i, -4*y - y = -5. What is the tens digit of i?
3
Let c be ((-4)/4 - 8)/(-3). Suppose -573 = -n - c*t - 55, 518 = n + 4*t. What is the tens digit of n?
1
Suppose 0 = 17*w + 183*w - 1698000. What is the tens digit of w?
9
Let b = -1631 + 3229. What is the units digit of b?
8
Let y = 85 + 147. What is the tens digit of (2 - (-3)/(-6))/(6/y)?
5
Suppose -616 = 4*x - 4*u, x + 2*u + 148 = -0*u. Let i = x - -293. What is the hundreds digit of i?
1
Let k be 18 + (-10 + -2)/4. Suppose -r + 4*w = -k, 5*r + 3 = -4*w + 6. Suppose 0 + r = s. What is the units digit of s?
3
Let g = 20 - 18. Let x be (-1)/2*(-8)/g. What is the units digit of (x - 1)*4/(1 - -3)?
1
Let r = 945 + -555. What is the hundreds digit of 8/10 + 119028/r?
3
Suppose 3*a + 5 = 4*a. Suppose 0 = -154*h + 161*h - 49. Suppose a*r = 2*j + h, -4*r - 7 = -2*j - 9. What is the units digit of j?
9
Suppose -40 = -4*b + 2*j, 3*j = -4*b - 2 + 22. Let h(w) = -5*w + 36. Let o be h(b). What is the units digit of (o/4 - 38)/(-1)?
9
Let j(g) = -178 + 2*g + 86 + 90. Let u be j(0). What is the tens digit of ((-219)/u)/(12/16)?
4
Suppose 3*r = p - 7439, 378*p - r = 374*p + 29833. What is the thousands digit of p?
7
Let f = 8604 + -2172. What is the tens digit of f?
3
Let o = 4841 - -151. What is the units digit of o?
2
Suppose 24289 = j + 2*g, -4*j + 150142 = 3*g + 52966. What is the ten thousands digit of j?
2
Suppose 35*q = 29*q + 37488. What is the units digit of q?
8
Suppose 441*r = 438*r + 88581. What is the hundreds digit of r?
5
Let o(f) = 17*f**2 + 15*f**2 + 5 + 15*f**2 - 44*f**2. Let i be o(-2). Let h = i + 7. What is the tens digit of h?
2
Let x be (30/(-25))/(6/20). Let a(t) = -116*t + 61. Let y(j) = -39*j + 20. Let n(h) = x*a(h) + 11*y(h). What is the hundreds digit of n(5)?
1
Let i(o) = 405*o**2 - 32*o - 63. What is the units digit of i(7)?
8
Suppose -4*f + 4878 = -4*g - 77926, 5*g = 4*f - 82802. What is the units digit of f?
3
Let d = -53 - -54. Let u be (4/6 + d)/(3/9). Let a(p) = -2*p + 21. What is the tens digit of a(u)?
1
What is the units digit of (-18)/(-2) + -5 - -202*279/6?
7
Let f = 64153 - 34331. What is the thousands digit of f?
9
Let s(a) = 3*a**2 + 8 + 2*a + 2*a**2 - 27 + 17. Let i be ((-6)/(-18))/((-2)/12). What is the tens digit of s(i)?
1
Suppose -j = 3*w - 58, -w - 3*j = -5*j - 10. Let h be w/27 + (-4)/(-3). Suppose -2*y - h*y = -324. What is the tens digit of y?
8
What is the thousands digit of 130736/18 + (-984)/(-1107)?
7
Suppose 7*t + 2 - 30 = 0. Suppose -2*d - 170 = 3*k + 21, t*d + 349 = 5*k. Let y = d + 183. What is the units digit of y?
2
Let v be -2 - (4 - 5*-3). Let r = 24 + v. Suppose -h - 5*u + 0*u + 84 = 0, r*u = -h + 80. What is the tens digit of h?
7
Suppose 4*w - 5*b = -77, w + 32 = -3*w - 4*b. Let m be (13 + w)/((-4)/(4/(-2))). What is the units digit of (-22)/11 - 59*(-1 + m)?
7
Let a(j) = 334*j - 3. Suppose 2*r + 4 + 1 = u, -2*r = 3*u + 1. What is the units digit of a(u)?
1
Let w(v) = 6*v + 5 - 11*v + 9*v - 27 + v**2. What is the units digit of w(14)?
0
Let i(h) = -h**3 + 8*h**2 - h + 5. Let u be i(8). Let v be -1 + 2 - (-1 - u). What is the tens digit of (1 - -56 - v)/2?
2
Suppose -2409 = -7*p + 4577. Suppose -444 = -7*g + p. Let d = g + -97. What is the units digit of d?
9
Let o(j) = 839*j**3 - 13*j**2 + 18*j - 17. What is the hundreds digit of o(3)?
5
Let l be 3/((-15)/(1 + 4)). What is the tens digit of (10/65)/l + 2697/39?
6
Let h be 7/5 + (-456)/40. What is the tens digit of (596 + 0)*((-45)/h)/9?
9
Let o(h) = 5*h + 22. Let u be o(-4). Suppose 47 = u*a - 5*g, 3*g = -5*a + 6 + 65. What is the tens digit of a?
1
Suppose -2*l = -13*l + 7491. What is the tens digit of l?
8
Let n = 3 - 1. Suppose -71*d + 9645 = 2119. What is the hundreds digit of (-5 - -4)/(n - 213/d)?
1
Let a(s) = -2*s**3 + 30*s**2 - 23*s - 6. Let h be a(14). What is the hundreds digit of 4822/8 + 16/h?
6
Let d = -71 - -75. Suppose -d*g - o + 379 = -0*g, 2*g + 5*o - 203 = 0. Suppose -j + g + 98 = 0. What is the units digit of j?
2
Let i be 7/(56/108)*218/3. Suppose -d + 2*d - 655 = -2*p, 3*p + d = i. What is the hundreds digit of p?
3
Let f(d) = -d**2 - 11*d + 17. Suppose -3*b = 3 + 33. Let v be f(b). Suppose -3*z = -4*q - 67, -4*z + v*q - 2*q = -101. What is the units digit of z?
9
Let r = 1798 + -906. Suppose 3*c - 2*y - r = 0, -3*c + 0*y = -5*y - 889. What is the units digit of c?
8
Suppose -5*p = -3*p + 5*l - 3903, -3*p + 2*l = -5864. What is the tens digit of p?
5
Suppose 6*h - h + 8389 = -4*t, 0 = 4*h - 3*t + 6736. Let b = h - -2863. What is the thousands digit of b?
1
Suppose -5*q - 4*n - 231 = 0, -51 + 262 = -5*q + n. Let b = q - -46. Suppose 34 = b*k - 29. What is the tens digit of k?
2
Suppose -2*s = 18, 3*o - 96*s = -103*s + 226872. What is the tens digit of o?
4
Let g(y) = -2*y**3 + 10*y**2 - 11*y + 15. Let k(v) = -v**2 + 14*v - 7. Let x be k(13). Let f be g(x). Let l = f - -243. What is the hundreds digit of l?
1
Let i(l) = 8*l**3 + 15 + 14*l**2 - 15*l**3 - 3*l + 6*l**3 + 14*l. Let h be i(14). Suppose -4*f + 2*b = -302, f + 5*b = -f + h. What is the units digit of f?
7
Let p = -551 - -557. Suppose 0 = -p*v + 2166 + 2904. What is the tens digit of v?
4
Let g = 3525 - 3286. What is the tens digit of g?
3
Suppose -3*j + 19 = 5*i + j, 3 = 2*i - 3*j. What is the hundreds digit of (6 + i)*(-68)/(-6)?
1
Suppose k + 124 = 2*x, 3*x + 3*k - 288 = -2*x. Let h = x + -62. Let m = h - -26. What is the units digit of m?
4
What is the units digit of 60/10*(4 - (-51732)/8)?
3
Let u(m) = m + 36. Let o be u(-24). Let k(l) = l**2 - 27. What is the hundreds digit of k(o)?
1
Let l(g) = -3*g**2 - 2*g + 10. Let r be l(-7). Let w = 211 + r. Suppose 0*n - w = -n. What is the tens digit of n?
8
Let f(b) = b**3 + 20*b**2 - 19*b + 35. Let d be f(-21). Suppose 21 = j - 0. What is the tens digit of ((-241)/3)/(d/j)?
4
What is the thousands digit of (220/(-6))/((18 - 34)/7104)?
6
Let u(i) = i**2 + 6*i - 27. Let q be u(-9). Suppose q = -3*a - 3*h + 60, 9*a = 4*a - 3*h + 102. Let t = 61 - a. What is the units digit of t?
0
Let w = -599 - -599. Suppose -4*y + g + 7479 = w, -4*g - 14 = -2. What is the thousands digit of y?
1
Let c(z) = 1616*z**2 - 6. What is the thousands digit of c(-2)?
6
Let n = -38 + 62. Let d = 28 - n. What is the tens digit of (3/(-6) + d)*10?
3
Let o(y) = y**3 + 4*y**2 - 3*y - 2. Let h be o(-4). Let i(u) be the first derivative of u**3/3 + 14*u - 211. What is the hundreds digit of i(h)?
1
Let z(y) = 69*y**3 - y**2 - 13*y - 85. What is the tens digit of z(5)?
5
What is the thousands digit of (31 - 41) + (-138612)/(-2)?
9
Let f be ((-68)/(-6) - (-5)/(-15)) + -1. Suppose 4*p - 1884 = -380. Suppose -f = 5*s, 4*s = -0*g - 3*g + p. What is the units digit of g?
8
Suppose -160*z = -149*z - 44. Suppose 3*g - 4885 = -z*p, -3*g + 6*p + 4930 = p. What is the hundreds digit of g?
6
Suppose -418250 - 8472 = -23*u + 138204. What is the tens digit of u?
6
Let n be -6*3/6 - 3. Let s(x) = -5*x - 23. Let z be s(n). What is the tens digit of (7/z)/(1/78)?
7
Let i(l) = 42*l**2 - 4*l + 291. What is the units digit of i(14)?
7
Suppose 13 = -5*d - 27. Let b be (-10)/2*1*(d - -21). Let g = 200 + b. What is the tens digit of g?
3
Suppose -546 + 540 = -k. Suppose 2545 = 5*c - 4*g, 2575 = -c + k*c + 2*g. What is the tens digit of c?
1
Let h = -55 - -50. Let d be (h/(-3))/(3/9). Suppose 2*l - 3*t = -t + 122, -d*l + 305 = -t. What is the tens digit of l?
6
Let y(o) = -3*o**3 - 70*o**2 + 24*o + 34. Let i be y(-24). Let j = i - 256. What is the tens digit of j?
5
Let w be (-3 - (-12)/(-9))*-15. Suppose 2*h = -5*p - 6 + 38, -18 = -2*h + 2*p. Let z = w - h. What is the tens digit of z?
5
Let o = 28957 + -23335. What is the tens digit of o?
2
What is the hundreds digit of (1 - (-28618)/(-8))*(-132 - -128)?
3
Let d(z) be the second derivative of 3*z**4/2 + z**3/3 - 5*z**2/2 + 36*z. What is the tens digit of d(5)?
5
Let l(c) = -16*c**3 - 5*c**2 - 34*c + 174. What is the ten thousands digit of l(-10)?
1
Let v(u) = -8861*u - 1228. What is the ten thousands digit of v(-9)?
7
Let f(b) = -5*b**2 + 12*b + 80. Let y be f(-7). Let t = 233 - y. What is the hundreds digit of t?
4
Let h(r) be